-101010101
-203212 (base 4) to base 12
-139a
Convert 10111101000 (base 2) to base 15.
6ac
What is 25955 (base 10) in base 14?
965d
Convert 857 (base 9) to base 2.
1010111100
1101111100 (base 2) to base 11
741
Convert 100101100 (base 2) to base 7.
606
What is 15545 (base 7) in base 15?
147e
-11308 (base 11) to base 10
-16343
-123 (base 14) to base 11
-197
111100111000 (base 2) to base 3
12100022
Convert 3858 (base 9) to base 14.
10a4
What is 2202022 (base 3) in base 12?
11b2
-98 (base 11) to base 7
-212
Convert -51a (base 15) to base 8.
-2176
6b (base 14) to base 6
235
What is -112033 (base 4) in base 13?
-856
-405213 (base 6) to base 7
-163032
Convert 630f (base 16) to base 14.
9355
5 (base 9) to base 4
11
Convert 707a (base 11) to base 9.
13808
29e6 (base 16) to base 7
43162
38e (base 15) to base 4
30221
What is 373 (base 11) in base 5?
3233
Convert -231231 (base 5) to base 3.
-102102000
What is 14824 (base 9) in base 2?
10011110100011
Convert -610 (base 11) to base 6.
-3225
-1037 (base 8) to base 12
-393
Convert -237712 (base 8) to base 15.
-193cb
What is -3158 (base 13) in base 12?
-3b55
What is -4336 (base 7) in base 4?
-120022
What is 100000000000 (base 2) in base 15?
918
483 (base 13) to base 15
373
-160 (base 7) to base 5
-331
What is 4557 (base 8) in base 4?
211233
771 (base 10) to base 13
474
Convert -b4 (base 12) to base 16.
-88
Convert 541 (base 15) to base 11.
989
-129a (base 12) to base 10
-2134
Convert -1315 (base 11) to base 16.
-6ae
Convert 21225 (base 6) to base 14.
10ad
What is 10111100110 (base 2) in base 13?
8c2
Convert -41e (base 15) to base 2.
-1110100001
-2421 (base 6) to base 16
-24d
What is 14c77 (base 14) in base 8?
145211
Convert 111200121 (base 3) to base 8.
23373
Convert 23626 (base 8) to base 9.
14810
-7402 (base 8) to base 9
-5238
What is 318 (base 15) in base 10?
698
Convert 1441 (base 10) to base 7.
4126
What is 1423333 (base 5) in base 12?
1532b
2315 (base 6) to base 5
4201
What is 36660 (base 7) in base 10?
9597
What is 1054 (base 10) in base 9?
1401
1976 (base 16) to base 12
3932
What is -494 (base 13) in base 12?
-565
111012121 (base 3) to base 9
14177
3216 (base 9) to base 16
93c
Convert -a8 (base 11) to base 7.
-226
Convert -51d1 (base 14) to base 12.
-81ab
Convert 55 (base 13) to base 9.
77
Convert -ab8 (base 12) to base 2.
-11000101100
What is -8a8 (base 11) in base 2?
-10000111110
Convert 5906 (base 14) to base 4.
3302002
What is -5b8 (base 12) in base 5?
-11420
Convert 3700 (base 10) to base 9.
5061
Convert -20244 (base 6) to base 9.
-3621
322 (base 5) to base 7
153
Convert 1000000012 (base 3) to base 7.
111254
What is -1246 (base 8) in base 4?
-22212
-222022 (base 3) to base 14
-38a
-4246 (base 8) to base 2
-100010100110
What is 373 (base 12) in base 14?
291
-511 (base 12) to base 11
-607
-4568 (base 10) to base 5
-121233
330201 (base 4) to base 8
7441
What is 271 (base 15) in base 6?
2324
What is 16 (base 7) in base 3?
111
What is 246111 (base 7) in base 9?
68160
333 (base 10) to base 12
239
What is -1111110110111001 (base 2) in base 10?
-64953
32609 (base 10) to base 8
77541
11a46 (base 11) to base 8
41520
-132144 (base 6) to base 8
-27600
-26c9 (base 16) to base 12
-58b5
3111 (base 6) to base 14
375
Convert 14171 (base 8) to base 14.
23d7
Convert -8163 (base 10) to base 9.
-12170
1406 (base 15) to base 9
5776
-1100112 (base 3) to base 2
-1111011010
What is -2053 (base 8) in base 7?
-3053
-7150 (base 14) to base 8
-46022
Convert -100120000 (base 3) to base 12.
-4046
Convert -6b7 (base 12) to base 14.
-519
Convert 1111 (base 5) to base 9.
183
Convert -46315 (base 9) to base 6.
-354535
Convert -3392 (base 13) to base 3.
-100220022
110010 (base 3) to base 9
403
b63 (base 15) to base 3
10112010
Convert -ac9 (base 16) to base 11.
-2090
What is 24f (base 16) in base 3?
210220
What is -1011000011 (base 2) in base 6?
-3135
-20605 (base 10) to base 2
-101000001111101
Convert 3456 (base 12) to base 7.
22662
Convert -2044231 (base 5) to base 12.
-17a38
What is 3233 (base 6) in base 12?
519
Convert -7 (base 12) to base 6.
-11
13869 (base 11) to base 5
1112202
-21043 (base 7) to base 14
-1c5a
-3212031 (base 4) to base 15
-4573
What is 2d2 (base 15) in base 2?
1010000111
-92fe (base 16) to base 15
-b23a
Convert 51a2 (base 13) to base 14.
4182
What is 1001010000100 (base 2) in base 3?
20111120
What is -201220 (base 3) in base 11?
-449
10100101 (base 2) to base 4
2211
10127 (base 9) to base 2
1101000001011
Convert -412 (base 7) to base 10.
-205
Convert 142 (base 15) to base 9.
348
What is 510 (base 9) in base 5?
3124
Convert -7db3 (base 14) to base 16.
-5599
-b35 (base 15) to base 6
-15405
Convert 1110 (base 3) to base 4.
213
What is -22583 (base 10) in base 12?
-1109b
What is 334 (base 6) in base 15?
8a
-2211010211 (base 3) to base 4
-31203103
What is 20c8 (base 13) in base 7?
16201
-4150 (base 6) to base 10
-930
Convert 230213 (base 4) to base 12.
179b
What is -1032 (base 7) in base 16?
-16e
Convert 14606 (base 9) to base 12.
5929
Convert 12562 (base 9) to base 11.
640a
What is 60344 (base 7) in base 14?
545b
Convert 2029 (base 14) to base 7.
22052
Convert -12200 (base 4) to base 16.
-1a0
-19c (base 15) to base 13
-228
Convert -13330 (base 4) to base 11.
-422
What is -111111101100 (base 2) in base 6?
-30512
17ac (base 15) to base 7
20622
-693 (base 15) to base 16
-5d0
1a83 (base 12) to base 4
303003
Convert -2210012 (base 3) to base 6.
-13222
-175 (base 10) to base 2
-10101111
Convert -617 (base 9) to base 8.
-766
10100001010 (base 2) to base 14
682
What is -da80 (base 14) in base 10?
-37744
1233000 (base 5) to base 10
24125
5420 (base 6) to base 10
1236
Convert -4362 (base 9) to base 14.
-1259
-38357 (base 12) to base 13
-28ab0
Convert -7bb6 (base 12) to base 13.
-639c
Convert -132603 (base 8) to base 2.
-1011010110000011
bd1 (base 14) to base 4
210203
What is 900 (base 13) in base 11?
1163
-c2a (base 13) to base 4
-200100
178 (base 14) to base 2
100101110
Convert -2023 (base 4) to base 16.
-8b
Convert -20b3d (base 14) to base 2.
-10011010011000011
What is -677 (base 10) in base 6?
-3045
Convert 19414 (base 11) to base 16.
69ef
What is bb07 (base 13) in base 2?
110010110110001
Convert -2633 (base 7) to base 2.
-1111101100
Convert -3412 (base 7) to base 8.
-2322
What is -5722 (base 10) in base 8?
-13132
What is -8b50 (base 12) in base 10?
-15468
What is -102241 (base 6) in base 10?
-8305
211 (base 13) to base 16
160
Convert -2214404 (base 5) to base 2.
-1001011101001001
168 (base 10) to base 8
250
What is 3293 (base 12) in base 2?
1010111001111
566 (base 9) to base 3
122020
What is -13116 (base 13) in base 5?
-2112330
-20022333 (base 4) to base 9
-50820
67713 (base 9) to base 6
544320
Convert 677 (base 8) to base 12.
313
190b (base 13) to base 14
1505
3135 (base 6) to base 13
425
What is -1120202 (base 3) in base 10?
-1154
Convert 10010112 (base 3) to base 14.
b90
Convert -2515 (base 6) to base 13.
-38c
What is 19b (base 13) in base 3?
102000
What is -463 (base 14) in base 11?
-722
Convert 12422 (base 8) to base 3.
21101210
4adc (base 16) to base 10
19164
What is 227 (base 8) in base 14?
ab
220 (base 10) to base 5
1340
2133 (base 6) to base 7
1266
30430 (base 5) to base 13
ba1
-16 (base 7) to base 8
-15
-442132 (base 6) to base 2
-1000111110101000
-1001001 (base 2) to base 8
-111
What is -1100110000010 (base 2) in base 4?
-1212002
Convert 32314 (base 5) to base 13.
100c
Convert 30043 (base 5) to base 11.
1476
1110000001 (base 2) to base 6
4053
Convert 9 (base 11) to base 16.
9
What is 1e (base 16) in base 14?
22
What is -211230 (base 4) in base 8?
-4554
Convert 5842 (base 12) to base 4.
2121302
Convert 2421 (base 6) to base 15.
294
4d79 (base 16) to base 11
139a0
Convert 143533 (base 7) to base 14.
a153
What is 5605 (base 10) in base 7?
22225
Convert -4a3 (base 11) to base 10.
-597
-184 (base 16) to base 6
-1444
What is -258 (base 10) in base 4?
-10002
What is 11a1 (base 13) in base 15?
b17
What is -42425 (base 10) in base 13?
-16406
1761 (base 11) to base 7
6355
What is -2354 (base 6) in base 2?
-1000111110
What is 10100000010 (base 2) in base 9?
1674
What is -183 (base 16) in base 7?
-1062
Convert 1435 (base 7) to base 9.
687
-100411 (base 5) to base 11
-2478
What is 20120 (base 4) in base 15?
25b
821 (ba